
-14
Let o(v) = -2*v. What is o(-5)?
10
Let r(d) = -5*d + 47. What is r(20)?
-53
Let f(y) = y**3 - 20*y**2 - 5. What is f(20)?
-5
Let n(w) = -w + 1. Calculate n(0).
1
Let a(w) = -3*w**2 - 94*w - 25. Calculate a(-31).
6
Let c(j) = j**3 + 23*j**2 - 27*j - 65. Calculate c(-24).
7
Let j(u) = -3*u + 6. What is j(-4)?
18
Let c(i) = i**3 - 2*i**2 - 4*i - 4. What is c(4)?
12
Let q(z) = -9*z - 135. What is q(-19)?
36
Let l(o) = -3*o**2 + 6*o - 6. What is l(4)?
-30
Let x(u) = u**3 + 8*u**2 + 4*u - 8. Determine x(-7).
13
Let k(g) = -g**2 + 19*g + 36. Give k(16).
84
Let c(f) = 6*f + 4. Calculate c(4).
28
Let g(x) = x**3 + 9*x**2 + 4*x - 45. Give g(-8).
-13
Let s(a) = -a**3 + 5*a**2 - 2*a - 1. Calculate s(5).
-11
Let q(a) = -117*a**2 + a - 2. What is q(1)?
-118
Let z(x) = 12*x - 188. Determine z(13).
-32
Let u(t) = -t**3 - 3*t**2 + t - 4. Give u(-5).
41
Let z(n) = n**3 + 18*n**2 - 17*n + 17. Give z(-19).
-21
Let u(w) = 3*w + 39. What is u(-13)?
0
Let a(b) = -b**2 - 15*b + 20. Determine a(-13).
46
Let a(b) = -b**3 - 9*b**2 - 4*b - 17. Determine a(-8).
-49
Let l(d) = -d**2 + 18*d - 3. Calculate l(18).
-3
Let r(i) = i**3 + 16*i**2 - 12*i - 24. Give r(-17).
-109
Let c(z) = 5*z + 4. Determine c(-2).
-6
Let x(a) = -a**3 + 8*a**2 - 13*a + 14. Give x(6).
8
Let x(j) = -4*j**2 - 3*j + 1. Determine x(0).
1
Let a(s) = -s**2 + 8*s + 17. Give a(-6).
-67
Let v(s) = 2*s**3 + 7*s**2 - 3*s + 4. Determine v(-4).
0
Let y(o) = -8*o + 77. Calculate y(10).
-3
Let o(k) = k**3 - 2*k**2 - 2*k + 2. What is o(-2)?
-10
Let l(v) = v + 14. Give l(-7).
7
Let k(p) = -p**3 + 10*p - 1. Calculate k(0).
-1
Let y(u) = 2*u**2 - 16*u + 14. What is y(6)?
-10
Let v(i) = -i**3 + 8*i**2 + 6*i + 4. What is v(9)?
-23
Let j(g) = g**3 - 19*g**2 - 41*g + 1. Calculate j(21).
22
Let z(v) = -v**2 + 3*v - 6. Determine z(3).
-6
Let w(d) = -2*d**2 + 15*d - 32. What is w(4)?
-4
Let l(r) = -r**3 - 6*r**2 - 9*r - 26. Give l(-5).
-6
Let i(d) = -2*d**2 - 2*d + 1. Give i(-2).
-3
Let n(a) = -a**3 - 4*a**2 + 2*a - 4. Calculate n(-4).
-12
Let a(g) = -g**2 + 4*g - 7. What is a(5)?
-12
Let w(t) = -32*t - 6. Calculate w(-1).
26
Let o(s) = 3*s + 19. Determine o(-10).
-11
Let g(i) = i - 10. Determine g(-2).
-12
Let r(w) = -w**3 + 9*w**2 - 10*w + 11. Calculate r(8).
-5
Let u(z) = -z**3 + 4*z**2 + z - 5. Give u(2).
5
Let r(t) = t - 4. Give r(-1).
-5
Let m(p) = 3*p**2 + p + 1. What is m(-2)?
11
Let w(n) = n**2 - 6*n + 7. What is w(7)?
14
Let m(w) = -16*w + 666. What is m(41)?
10
Let p(u) = 2*u**2 - 13*u + 2. What is p(6)?
-4
Let q(u) = -2*u**2 - 9*u - 9. What is q(-4)?
-5
Let i(a) = 5*a + 3. Give i(-4).
-17
Let x(i) = -5*i - 48. What is x(17)?
-133
Let p(v) = -v**3 - 6*v**2 - 8*v + 8. Give p(-4).
8
Let c(s) = -s**2 + 1. Calculate c(-1).
0
Let i(u) = 9*u - 19. What is i(0)?
-19
Let d(l) = -l**3 - 3*l**2 + 3*l - 1. Determine d(1).
-2
Let t(x) = x**3 - 15*x**2 + 13*x - 8. Determine t(14).
-22
Let t(p) = 20*p + 1353. Calculate t(-68).
-7
Let w(b) = b + 11. Calculate w(-16).
-5
Let t(q) = 7*q + 1. Calculate t(1).
8
Let b(n) = n**2 - 4*n - 7. Give b(7).
14
Let x(r) = 12*r - 73. Calculate x(6).
-1
Let r(j) = -5*j + 44. Calculate r(12).
-16
Let w(k) = k**3 + 3*k**2 - 6*k - 3. What is w(-4)?
5
Let m(s) = s**3 - 2*s**2 - 2*s + 4. Determine m(3).
7
Let h(b) = b**2 - 16*b + 59. Determine h(9).
-4
Let s(i) = -8*i**2 - 2*i - 1. What is s(-1)?
-7
Let l(o) = 21*o - 61. Give l(3).
2
Let c(w) = 10*w - 64. Give c(10).
36
Let h(m) = -2*m**2 - 20*m + 11. What is h(-10)?
11
Let g(p) = -32*p + 160. What is g(5)?
0
Let b(f) = -f**2 + 9. Calculate b(0).
9
Let p(r) = -r**3 + 9*r**2 + 10*r + 14. What is p(10)?
14
Let d(m) = m**3 + 6*m**2 + m - 3. Give d(-6).
-9
Let y(t) = -t**2 + 13*t - 34. Give y(3).
-4
Let u(h) = h**3. Give u(-1).
-1
Let s(r) = -r**3 + 6*r**2 - 2*r + 10. What is s(6)?
-2
Let z(n) = n**2 - 5. Give z(-2).
-1
Let l(o) = -3*o**3 + o**2 + 4*o - 3. What is l(2)?
-15
Let r(o) = o**3 + 16*o**2 + 14*o + 8. Determine r(-15).
23
Let o(m) = -m**3 + m**2 + 25. Determine o(0).
25
Let o(u) = u - 1. What is o(-1)?
-2
Let q(v) = v**2 + v. Calculate q(1).
2
Let d(q) = -2*q - 7. Give d(-5).
3
Let i(u) = 21*u - 40. Determine i(5).
65
Let y(o) = 2*o**2 - 10*o + 4. Give y(5).
4
Let j(l) = -l**3 - l**2 + 5*l - 5. What is j(1)?
-2
Let q(z) = -z**3 + 3*z**2 - 2*z. Determine q(2).
0
Let d(b) = 2*b**3 - 46*b**2 + 41*b + 53. Give d(22).
-13
Let u(r) = -r**3 + 24*r**2 - 134*r - 12. Give u(15).
3
Let k(q) = 95*q + 4. Determine k(1).
99
Let y(u) = u**2 + 2*u + 6. Calculate y(0).
6
Let l(b) = b**3 + 4*b**2 - 13*b. Calculate l(-6).
6
Let f(k) = k - 65. Calculate f(52).
-13
Let i(d) = -d**2 + 3*d - 1. Determine i(3).
-1
Let b(j) = -11*j + 40. Calculate b(-6).
106
Let a(n) = n**3 + 17*n**2 + 14*n - 28. Give a(-16).
4
Let a(y) = -y**3 + 2*y**2 - 2*y - 60. Calculate a(0).
-60
Let l(o) = -o**3 + 9*o**2 + 7*o - 12. Calculate l(10).
-42
Let o(j) = 2*j - 33. Determine o(7).
-19
Let v(s) = -18*s - 108. What is v(-6)?
0
Let n(m) = -m**2 - 11*m + 99. Give n(6).
-3
Let p(x) = x**2 + 8*x - 4. Determine p(-7).
-11
Let w(j) = -j**3 - 6*j**2 + j + 12. What is w(-5)?
-18
Let w(p) = p**3 - 9*p**2 - 2*p + 5. Calculate w(9).
-13
Let w(u) = u**2 + 15*u + 29. Give w(-12).
-7
Let z(u) = u + 12. What is z(-6)?
6
Let i(f) = 5*f + 1. What is i(-2)?
-9
Let f(p) = p**3 + 15*p**2 - 38*p - 41. Calculate f(-17).
27
Let f(q) = q**3 - 9*q**2 - 12*q + 12. Calculate f(10).
-8
Let j(s) = 3*s - 3. Determine j(-2).
-9
Let k(b) = 2*b**2 - 15*b + 36. Calculate k(3).
9
Let m(i) = -19*i**2 - 76*i - 8. Give m(-4).
-8
Let k(y) = -25*y**2 + 3*y - 2. Determine k(1).
-24
Let d(v) = v**3 + 6*v**2 + 4*v + 7. Give d(-6).
-17
Let q(f) = -f**3 + 9*f**2 - 10*f + 21. Determine q(8).
5
Let r(a) = -8*a - 22. Determine r(-3).
2
Let v(i) = i**3 - 7*i**2 - 11*i + 3. Calculate v(8).
-21
Let z(a) = -2*a**3 + 3. What is z(-2)?
19
Let n(i) = i**3 + 13*i**2 + 15*i - 28. Calculate n(-12).
-64
Let n(c) = 21*c**2 - 3*c - 1. Calculate n(-1).
23
Let y(m) = m**3 + 3*m**2 - m + 29. Calculate y(0).
29
Let z(o) = 19*o + 1. Give z(2).
39
Let v(f) = f**3 - f**2 + 3*f + 2. What is v(-3)?
-43
Let s(l) = -4*l + 5. Determine s(5).
-15
Let g(b) = -2*b - 9. Calculate g(-11).
13
Let b(h) = h**3 - 19*h**2 - 68*h + 29. Determine b(22).
-15
Let g(c) = 2*c**2 - 6*c. Determine g(2).
-4
Let p(d) = 3*d - 35. Calculate p(15).
10
Let m(i) = -5*i + 45. Give m(8).
5
Let a(q) = q**3 + 2*q - 4. Calculate a(0).
-4
Let a(u) = u**3 - 17*u**2 + 6*u + 161. Give a(16).
1
Let f(k) = k**3 - 10*k**2 + 7*k - 11. Determine f(10).
59
Let u(p) = p**3 - 12*p**2 + 13*p + 34. What is u(9)?
-92
Let p(s) = -6*s**2 + 20*s + 13. Determine p(4).
-3
Let f(q) = 11*q**2 - 46*q - 45. Determine f(-1).
12
Let o(c) = c**3 - 5*c**2 - 2. Determine o(5).
-2
Let j(u) = 2*u - 2. Calculate j(4).
6
Let m(a) = a**2 - 91. Calculate m(0).
-91
Let n(r) = -r**3 - 8*r**2 - 3*r - 9. Give n(-8).
15
Let i(d) = 2*d**3 - 3*d**2 + 1. Calculate i(3).
28
Let u(t) = -2*t**2 + 7*t - 7. Calculate u(1).
-2
Let u(x) = x + 31. What is u(-27)?
4
Let w(x) = -x**3 - 13*x**2 + 111*x - 59. Give w(-19).
-2
Let v(q) = q**3 + 19*q**2 + 16*q - 32. Calculate v(-18).
4
Let m(s) = s**3 + 8*s**2 + 3*s - 4. Calculate m(-6).
50
Let u(h) = h**3 - 25*h**2 + 31*h - 167. What is u(24)?
1
Let k(s) = 3*s - 4. Give k(1).
-1
Let b(d) = -d**2 - 7*d - 18. Give b(-8).
-26
Let v(t) = -t**2 - 6*t + 15. Determine v(-7).
8
Let r(i) = -4*i**2 + 14*i + 2. Give r(4).
-6
Let c(m) = 8*m**3 - m**2 + m - 1. Give c(2).
61
Let m(f) = f**3 - 6*f**2 + 2*f + 5. Determine m(5).
-10
Let a(m) = 6*m**2 - 9*m - 16. Calculate a(-3).
65
Let g(h) = -3*h**3 - h**2 - 7*h + 8. Determine g(2).
-34
Let o(g) = 4*g - 28. Determine o(6).
-4
Let x(f) = -4*f**2 - 8*f + 1. Determine x(-2).
1
Let t(f) = -3*f. Give t(6).
-18
Let u(a) = a**2 + 4*a. What is u(-4)?
0
Let y(v) = 4*v + 3. Calculate y(-2).
-5
Let t(i) = i**3 - 4*i**2 - 6. Determine t(0).
-6
Let i(y) = 3*y - 59. Determine i(25).
16
Let n(m) = m**3 - 7*m**2 - 19*m + 34. Give n(9).
25
Let h(p) = 3*p**2 - 31*p - 13. Determine h(13).
91
Let s(i) = 3*i**2 - 70*i + 38. Give s(23).
15
Let h(y) = 32*y**2 + 2*y - 3. Calculate h(1).
31
Let t(q) = -q**2 + 2*q - 1. Give t(5).
-16
Let j(q) = q**3 + 5*q**2 - 4*q + 2. What is j(-6)?
-10
Let b(d) = -5*d + 28. What is b(8)?
-12
Let x(m) = 2*m + 17. Calculate x(-6).
5
Let n(o) =